 258 a factor of 3206244?
False
Is 9664488 a multiple of 404?
True
Does 2 divide 87399?
False
Is 149082 a multiple of 105?
False
Is 223 a factor of 2146423?
False
Is 661135 a multiple of 115?
True
Is 20122 a multiple of 166?
False
Is 55 a factor of 153999?
False
Is 67 a factor of 84507?
False
Is 1133567 a multiple of 13?
False
Does 43 divide 284445?
True
Is 5165 a multiple of 101?
False
Is 112 a factor of 419440?
True
Is 9 a factor of 26863?
False
Does 51 divide 65535?
True
Is 3289284 a multiple of 186?
False
Is 593 a factor of 2355165?
False
Does 3 divide 1106505?
True
Is 81891 even?
False
Is 5684087 a multiple of 29?
True
Is 3146104 a multiple of 179?
True
Does 25 divide 18072?
False
Is 459858 a multiple of 6?
True
Is 782434 a multiple of 645?
False
Is 2 a factor of 17177?
False
Is 105400 a multiple of 16?
False
Does 7 divide 2706602?
False
Is 81692 a multiple of 3?
False
Is 2 a factor of 2281927?
False
Does 273 divide 2254762?
False
Is 181524 a multiple of 7?
True
Does 7 divide 16481300?
False
Is 216 a factor of 345384?
True
Is 258147 a multiple of 27?
True
Does 891 divide 994818?
False
Does 3 divide 5541?
True
Does 4 divide 76328?
True
Does 2 divide 1639884?
True
Is 330 a factor of 2329804?
False
Does 690 divide 6360817?
False
Is 4703472 a multiple of 801?
True
Is 9 a factor of 305100?
True
Is 1981326 a multiple of 426?
True
Does 162 divide 1474200?
True
Is 7527610 a multiple of 10?
True
Is 391 a factor of 874237?
False
Does 42 divide 342846?
True
Is 4309751 a multiple of 19?
True
Is 23 a factor of 971055?
False
Is 48 a factor of 36336?
True
Is 2 a factor of 42973?
False
Is 5988 a multiple of 6?
True
Is 404520 a multiple of 15?
True
Is 14 a factor of 28072?
False
Is 177 a factor of 219311?
False
Is 887731 a multiple of 299?
True
Is 755200 a multiple of 80?
True
Does 202 divide 2037207?
False
Does 2 divide 46814?
True
Does 1563 divide 10234524?
True
Is 59990 a multiple of 98?
False
Is 8880776 a multiple of 601?
False
Is 1591619 a multiple of 9?
False
Does 232 divide 281192?
False
Is 23 a factor of 610604?
True
Is 40 a factor of 449840?
True
Is 1811095 a multiple of 5?
True
Is 7846937 a multiple of 13?
False
Is 23933812 a multiple of 1690?
False
Does 271 divide 324929?
True
Is 282136 a multiple of 8?
True
Is 470260 a multiple of 141?
False
Is 101660 a multiple of 46?
True
Is 1424 a multiple of 7?
False
Is 35 a factor of 11321?
False
Does 25 divide 1896825?
True
Is 48 a factor of 4433217?
False
Is 102 a factor of 19432666?
False
Is 112860 a multiple of 12?
True
Does 12 divide 2989536?
True
Is 7461088 a multiple of 257?
False
Is 65360 a multiple of 76?
True
Does 88 divide 96272?
True
Is 784583 a multiple of 9?
False
Does 61 divide 1175?
False
Is 53626 a multiple of 504?
False
Does 14 divide 142534?
True
Is 13 a factor of 1137271?
False
Is 47 a factor of 929781?
False
Is 18 a factor of 8560525?
False
Does 443 divide 1408740?
True
Does 13 divide 956162?
False
Is 3 a factor of 99612?
True
Does 52 divide 81276?
True
Is 54 a factor of 937494?
True
Is 45 a factor of 36765?
True
Is 14168028 a multiple of 14?
True
Is 1494816 a multiple of 552?
True
Does 68 divide 2203899?
False
Is 11 a factor of 568612?
True
Does 12 divide 4212479?
False
Is 159960 a multiple of 186?
True
Is 459 a factor of 45932?
False
Is 468339 even?
False
Is 12 a factor of 212220?
True
Is 8 a factor of 78920?
True
Does 401 divide 275487?
True
Is 17 a factor of 398334?
False
Does 34 divide 1592734?
False
Does 663 divide 1051518?
True
Is 3 a factor of 69639?
True
Is 5581228 a multiple of 877?
True
Is 565 a factor of 16479355?
True
Does 167 divide 319304?
True
Does 162 divide 7411662?
True
Is 868 a factor of 4878411?
False
Does 30 divide 16140?
True
Is 7668541 a multiple of 402?
False
Is 196 a factor of 4711961?
False
Is 5712486 a multiple of 98?
False
Does 96 divide 20351328?
True
Does 653 divide 44404?
True
Does 401 divide 766299?
False
Is 13741 even?
False
Is 3372021 a multiple of 155?
False
Is 42 a factor of 2150648?
False
Is 8470202 a multiple of 47?
False
Is 2037386 a multiple of 26?
True
Is 368938 a multiple of 240?
False
Does 28 divide 771281?
False
Does 198 divide 535310?
False
Is 10750908 a multiple of 864?
False
Is 130 a factor of 433957?
False
Does 312 divide 12930116?
False
Is 12 a factor of 89544?
True
Does 191 divide 171103?
False
Is 46 a factor of 896218?
True
Is 11 a factor of 17325?
True
Does 3 divide 4751706?
True
Is 657372 a multiple of 3?
True
Is 30 a factor of 116130?
True
Does 28 divide 139496?
True
Does 55 divide 1065405?
True
Does 6 divide 3230972?
False
Is 52 a factor of 267994?
False
Is 529 a factor of 550689?
True
Is 311 a factor of 3511101?
False
Does 117 divide 107289?
True
Is 60 a factor of 139920?
True
Is 8 a factor of 48917?
False
Does 17 divide 76600?
False
Is 510 a factor of 428055?
False
Is 318449 a multiple of 82?
False
Is 25770 a multiple of 10?
True
Does 933 divide 1620621?
True
Is 407330 a multiple of 22?
True
Does 8 divide 1116096?
True
Does 341 divide 4395149?
True
Is 331700 a multiple of 25?
True
Is 18 a factor of 1098?
True
Is 21 a factor of 16047503?
False
Does 8 divide 6846?
False
Is 67 a factor of 6501165?
False
Does 434 divide 703080?
True
Is 27 a factor of 638389?
False
Is 3201971 a multiple of 117?
False
Is 24172618 a multiple of 64?
False
Is 2134 a factor of 18806988?
False
Is 11 a factor of 2094334?
True
Does 203 divide 269163?
False
Does 60 divide 1680?
True
Does 43 divide 806508?
True
Is 730 a factor of 2227062?
False
Does 72 divide 236005?
False
Does 6 divide 661854?
True
Does 9 divide 444286?
False
Is 4 a factor of 912248?
True
Does 30 divide 201240?
True
Does 36 divide 510768?
True
Is 166565 a multiple of 8?
False
Is 5129119 a multiple of 77?
False
Does 158 divide 2181441?
False
Does 55 divide 389290?
True
Does 11 divide 6517563?
False
Is 1562028 a multiple of 221?
True
Is 7 a factor of 217658?
True
Is 31 a factor of 6351646?
False
Is 41 a factor of 3423336?
True
Is 40 a factor of 410227?
False
Does 8 divide 5352902?
False
Does 12 divide 715728?
True
Is 4 a factor of 40244?
True
Is 12 a factor of 962919?
False
Is 150 a factor of 286640?
False
Does 6 divide 20220?
True
Does 44 divide 2633444?
True
Does 6 divide 16746060?
True
Is 1168344 a multiple of 18?
True
Is 38 a factor of 396796?
True
Is 1361076 a multiple of 404?
True
Is 94 a factor of 286606?
True
Does 228 divide 1465389?
False
Is 20 a factor of 21478900?
True
Is 524066 a multiple of 107?
False
Does 356 divide 266838?
False
Is 870929 a multiple of 59?
False
Is 1080975 a multiple of 435?
True
Is 181 a factor of 1322024?
True
Is 2976560 a multiple of 116?
True
Does 36 divide 22185?
False
Does 385 divide 784265?
False
Is 34 a factor of 35043630?
True
Is 183 a factor of 1517802?
True
Is 1074588 a multiple of 298?
True
Is 32 a factor of 4718848?
True
Is 17 a factor of 4298178?
True
Is 541198 a multiple of 43?
True
Is 3 a factor of 1172826?
True
Does 368 divide 2649979?
False
Is 38970 a multiple of 15?
True
Does 121 divide 135520?
True
Is 115 a factor of 1435517?
False
Is 410791 a multiple of 277?
True
Does 13 divide 42198?
True
Is 550 a factor of 11652409?
False
Does 24 divide 175255?
False
Is 30 a factor of 15364170?
True
Is 769743 a multiple of 731?
True
Is 66751 a multiple of 10?
False
Does 188 divide 1285144?
False
Does 26 divide 3080679?
False
Is 4098252 a multiple of 899?
False
Does 5 divide 51822?
False
Does 37 divide 92839?
False
Is 1747220 a multiple of 10?
True
Is 283 a factor of 20376?
True
Does 340 divide 194480?
True
Does 12 divide 695292?
True
Is 7624686 a multiple of 13?
False
Is 18 a factor of 420252?
False
Does 38 divide 21190548?
True
Is 51 a factor of 189924?
True
Does 50 divide 47688?
False
Is 108475 a multiple of 24?
False
Is 25 a factor of 148100?
True
Is 371904 a multiple of 16?
True
Is 3 a factor of 162420?
True
Is 7 a factor of 1743840?
True
Is 125 a factor of 396226?
False
Is 4601640 a multiple of 40?
True
Is 200 a factor of 2727600?
True
Does 7 divide 1984563?
True
Is 19 a factor of 83714?
True
Does 8 divide 1392070?
False
Is 69763 a multiple of 100?
False
Is 934041 a multiple of 2?
False
Is 39 a factor of 398151?
True
Is 52799 a multiple of 36?
False
Is 11821838 a multiple of 133?
True
Is 2124691 a multiple of 168?
False
Does 5 divide 770?
True
I